{"id":18109,"date":"2025-02-20T16:01:06","date_gmt":"2025-02-20T16:01:06","guid":{"rendered":"https:\/\/certottica.it\/?post_type=portfolio&#038;p=18109"},"modified":"2025-09-18T07:00:46","modified_gmt":"2025-09-18T07:00:46","slug":"micro-alps","status":"publish","type":"portfolio","link":"https:\/\/certottica.it\/en\/portfolio\/micro-alps\/","title":{"rendered":"MICRO-ALPS"},"content":{"rendered":"\n<p><strong>MICRO-ALPS<\/strong> <strong>&#8211; Riduzione delle microplastiche derivanti da attivit\u00e0 industriali nei corpi idrici alpini<\/strong><\/p>\n\n\n\n<p>L&#8217;obiettivo generale del progetto MICRO-ALPS \u00e8 quello di sensibilizzare le comunit\u00e0 locali e le aziende su uno dei problemi emergenti del XXI secolo, le microplastiche, con particolare attenzione alle aree alpine, dove questo inquinante \u00e8 ancora poco studiato. Le microplastiche sono generate dal processo di degradazione o lavorazione della plastica e possono avere dimensioni molto diverse, come definito dalla classificazione UNEP. Questo sar\u00e0 possibile prendendo come punto di riferimento ed esempio una parte del settore dell&#8217;occhialeria, i laboratori di taglio e molatura delle lenti che producono elevate quantit\u00e0 di microplastiche durante la lavorazione delle lenti.<\/p>\n\n\n\n<p>Nell&#8217;ambito del progetto, i partner studieranno quali possibili soluzioni possono essere adottate per recuperare le microplastiche dai negozi di ottica e dai laboratori di taglio delle lenti e verificarne la riciclabilit\u00e0 per produrre nuovi e innovativi oggetti stampati in 3d.<\/p>\n\n\n\n<p>Tutti i lavori sperimentali e le informazioni raccolte sulla natura e la produzione delle microplastiche, verranno impiegati per il trasferimento delle conoscenze ai soggetti dell\u2019area di programma su come evitare la produzione di microplastiche e il loro rilascio in ambiente.<\/p>\n\n\n\n<hr class=\"wp-block-separator has-alpha-channel-opacity is-style-dots\"\/>\n\n\n\n<p><strong>Programma di finanziamento<\/strong><br>Interreg VI-A Italia \u2013 Austria 2021-2027<\/p>\n\n\n\n<p><strong>Codice ID Progetto<\/strong><br>ITAT-27-005<\/p>\n\n\n\n<p><strong>Durata<\/strong><br>gennaio 2025 \u2013 marzo 2027<\/p>\n\n\n\n<p><strong>Lead partner<\/strong><br>Certottica Scrl \u2013 Istituto Italiano di Certificazione dei prodotti ottici<\/p>\n\n\n\n<p><strong>Partner di Progetto<\/strong><br>Universit\u00e0 C\u00e0 Foscari Venezia<br>FH K\u00e4rnten &#8211; gemeinn\u00fctzige Gesellschaft mbH<br>\u00d6koinstitut S\u00fcdtirol Alto Adige<\/p>\n\n\n\n<p><strong>Costo totale<\/strong><br>822.014,65 \u20ac<\/p>\n\n\n\n<p><strong>Finanziamento EU<\/strong><br>605.516,22 \u20ac<\/p>\n\n\n\n<p><\/p>\n","protected":false},"excerpt":{"rendered":"<p>MICRO-ALPS &#8211; Riduzione delle microplastiche derivanti da attivit\u00e0 industriali nei corpi idrici alpini L&#8217;obiettivo generale del progetto MICRO-ALPS \u00e8 quello di sensibilizzare le comunit\u00e0 locali e le aziende su uno dei problemi emergenti del XXI secolo, le microplastiche, con particolare attenzione alle aree alpine, dove questo inquinante \u00e8 ancora poco studiato. Le microplastiche sono generate [&hellip;]<\/p>\n","protected":false},"featured_media":19593,"menu_order":0,"template":"","format":"standard","meta":{"_acf_changed":false},"categories":[41],"tags":[],"class_list":["post-18109","portfolio","type-portfolio","status-publish","format-standard","has-post-thumbnail","hentry","category-progetti-attivi"],"acf":[],"yoast_head":"<!-- This site is optimized with the Yoast SEO plugin v27.4 - https:\/\/yoast.com\/product\/yoast-seo-wordpress\/ -->\n<title>MICRO-ALPS - Certottica<\/title>\n<meta name=\"robots\" content=\"index, follow, max-snippet:-1, max-image-preview:large, max-video-preview:-1\" \/>\n<link rel=\"canonical\" href=\"https:\/\/certottica.it\/portfolio\/micro-alps\/\" \/>\n<meta property=\"og:locale\" content=\"en_US\" \/>\n<meta property=\"og:type\" content=\"article\" \/>\n<meta property=\"og:title\" content=\"MICRO-ALPS - Certottica\" \/>\n<meta property=\"og:description\" content=\"MICRO-ALPS &#8211; Riduzione delle microplastiche derivanti da attivit\u00e0 industriali nei corpi idrici alpini L&#8217;obiettivo generale del progetto MICRO-ALPS \u00e8 quello di sensibilizzare le comunit\u00e0 locali e le aziende su uno dei problemi emergenti del XXI secolo, le microplastiche, con particolare attenzione alle aree alpine, dove questo inquinante \u00e8 ancora poco studiato. Le microplastiche sono generate [&hellip;]\" \/>\n<meta property=\"og:url\" content=\"https:\/\/certottica.it\/portfolio\/micro-alps\/\" \/>\n<meta property=\"og:site_name\" content=\"Certottica\" \/>\n<meta property=\"article:modified_time\" content=\"2025-09-18T07:00:46+00:00\" \/>\n<meta property=\"og:image\" content=\"https:\/\/certottica.it\/wp-content\/uploads\/2025\/02\/MICRO-ALPS_keyimage_5_WithLogo.jpg\" \/>\n\t<meta property=\"og:image:width\" content=\"1200\" \/>\n\t<meta property=\"og:image:height\" content=\"600\" \/>\n\t<meta property=\"og:image:type\" content=\"image\/jpeg\" \/>\n<meta name=\"twitter:card\" content=\"summary_large_image\" \/>\n<meta name=\"twitter:label1\" content=\"Est. reading time\" \/>\n\t<meta name=\"twitter:data1\" content=\"2 minutes\" \/>\n<script type=\"application\/ld+json\" class=\"yoast-schema-graph\">{\"@context\":\"https:\\\/\\\/schema.org\",\"@graph\":[{\"@type\":\"WebPage\",\"@id\":\"https:\\\/\\\/certottica.it\\\/portfolio\\\/micro-alps\\\/\",\"url\":\"https:\\\/\\\/certottica.it\\\/portfolio\\\/micro-alps\\\/\",\"name\":\"MICRO-ALPS - Certottica\",\"isPartOf\":{\"@id\":\"https:\\\/\\\/certottica.it\\\/#website\"},\"primaryImageOfPage\":{\"@id\":\"https:\\\/\\\/certottica.it\\\/portfolio\\\/micro-alps\\\/#primaryimage\"},\"image\":{\"@id\":\"https:\\\/\\\/certottica.it\\\/portfolio\\\/micro-alps\\\/#primaryimage\"},\"thumbnailUrl\":\"https:\\\/\\\/certottica.it\\\/wp-content\\\/uploads\\\/2025\\\/02\\\/MICRO-ALPS_keyimage_5_WithLogo.jpg\",\"datePublished\":\"2025-02-20T16:01:06+00:00\",\"dateModified\":\"2025-09-18T07:00:46+00:00\",\"breadcrumb\":{\"@id\":\"https:\\\/\\\/certottica.it\\\/portfolio\\\/micro-alps\\\/#breadcrumb\"},\"inLanguage\":\"en-US\",\"potentialAction\":[{\"@type\":\"ReadAction\",\"target\":[\"https:\\\/\\\/certottica.it\\\/portfolio\\\/micro-alps\\\/\"]}]},{\"@type\":\"ImageObject\",\"inLanguage\":\"en-US\",\"@id\":\"https:\\\/\\\/certottica.it\\\/portfolio\\\/micro-alps\\\/#primaryimage\",\"url\":\"https:\\\/\\\/certottica.it\\\/wp-content\\\/uploads\\\/2025\\\/02\\\/MICRO-ALPS_keyimage_5_WithLogo.jpg\",\"contentUrl\":\"https:\\\/\\\/certottica.it\\\/wp-content\\\/uploads\\\/2025\\\/02\\\/MICRO-ALPS_keyimage_5_WithLogo.jpg\",\"width\":1200,\"height\":600},{\"@type\":\"BreadcrumbList\",\"@id\":\"https:\\\/\\\/certottica.it\\\/portfolio\\\/micro-alps\\\/#breadcrumb\",\"itemListElement\":[{\"@type\":\"ListItem\",\"position\":1,\"name\":\"Home\",\"item\":\"https:\\\/\\\/certottica.it\\\/en\\\/certottica\\\/\"},{\"@type\":\"ListItem\",\"position\":2,\"name\":\"MICRO-ALPS\"}]},{\"@type\":\"WebSite\",\"@id\":\"https:\\\/\\\/certottica.it\\\/#website\",\"url\":\"https:\\\/\\\/certottica.it\\\/\",\"name\":\"Certottica\",\"description\":\"Istituto Italiano di Certificazione dei prodotti ottici\",\"publisher\":{\"@id\":\"https:\\\/\\\/certottica.it\\\/#organization\"},\"potentialAction\":[{\"@type\":\"SearchAction\",\"target\":{\"@type\":\"EntryPoint\",\"urlTemplate\":\"https:\\\/\\\/certottica.it\\\/?s={search_term_string}\"},\"query-input\":{\"@type\":\"PropertyValueSpecification\",\"valueRequired\":true,\"valueName\":\"search_term_string\"}}],\"inLanguage\":\"en-US\"},{\"@type\":\"Organization\",\"@id\":\"https:\\\/\\\/certottica.it\\\/#organization\",\"name\":\"Certottica\",\"url\":\"https:\\\/\\\/certottica.it\\\/\",\"logo\":{\"@type\":\"ImageObject\",\"inLanguage\":\"en-US\",\"@id\":\"https:\\\/\\\/certottica.it\\\/#\\\/schema\\\/logo\\\/image\\\/\",\"url\":\"https:\\\/\\\/certottica.it\\\/wp-content\\\/uploads\\\/2022\\\/11\\\/cropped-loghi-blu-02.png\",\"contentUrl\":\"https:\\\/\\\/certottica.it\\\/wp-content\\\/uploads\\\/2022\\\/11\\\/cropped-loghi-blu-02.png\",\"width\":795,\"height\":227,\"caption\":\"Certottica\"},\"image\":{\"@id\":\"https:\\\/\\\/certottica.it\\\/#\\\/schema\\\/logo\\\/image\\\/\"}}]}<\/script>\n<!-- \/ Yoast SEO plugin. -->","yoast_head_json":{"title":"MICRO-ALPS - Certottica","robots":{"index":"index","follow":"follow","max-snippet":"max-snippet:-1","max-image-preview":"max-image-preview:large","max-video-preview":"max-video-preview:-1"},"canonical":"https:\/\/certottica.it\/portfolio\/micro-alps\/","og_locale":"en_US","og_type":"article","og_title":"MICRO-ALPS - Certottica","og_description":"MICRO-ALPS &#8211; Riduzione delle microplastiche derivanti da attivit\u00e0 industriali nei corpi idrici alpini L&#8217;obiettivo generale del progetto MICRO-ALPS \u00e8 quello di sensibilizzare le comunit\u00e0 locali e le aziende su uno dei problemi emergenti del XXI secolo, le microplastiche, con particolare attenzione alle aree alpine, dove questo inquinante \u00e8 ancora poco studiato. Le microplastiche sono generate [&hellip;]","og_url":"https:\/\/certottica.it\/portfolio\/micro-alps\/","og_site_name":"Certottica","article_modified_time":"2025-09-18T07:00:46+00:00","og_image":[{"width":1200,"height":600,"url":"https:\/\/certottica.it\/wp-content\/uploads\/2025\/02\/MICRO-ALPS_keyimage_5_WithLogo.jpg","type":"image\/jpeg"}],"twitter_card":"summary_large_image","twitter_misc":{"Est. reading time":"2 minutes"},"schema":{"@context":"https:\/\/schema.org","@graph":[{"@type":"WebPage","@id":"https:\/\/certottica.it\/portfolio\/micro-alps\/","url":"https:\/\/certottica.it\/portfolio\/micro-alps\/","name":"MICRO-ALPS - Certottica","isPartOf":{"@id":"https:\/\/certottica.it\/#website"},"primaryImageOfPage":{"@id":"https:\/\/certottica.it\/portfolio\/micro-alps\/#primaryimage"},"image":{"@id":"https:\/\/certottica.it\/portfolio\/micro-alps\/#primaryimage"},"thumbnailUrl":"https:\/\/certottica.it\/wp-content\/uploads\/2025\/02\/MICRO-ALPS_keyimage_5_WithLogo.jpg","datePublished":"2025-02-20T16:01:06+00:00","dateModified":"2025-09-18T07:00:46+00:00","breadcrumb":{"@id":"https:\/\/certottica.it\/portfolio\/micro-alps\/#breadcrumb"},"inLanguage":"en-US","potentialAction":[{"@type":"ReadAction","target":["https:\/\/certottica.it\/portfolio\/micro-alps\/"]}]},{"@type":"ImageObject","inLanguage":"en-US","@id":"https:\/\/certottica.it\/portfolio\/micro-alps\/#primaryimage","url":"https:\/\/certottica.it\/wp-content\/uploads\/2025\/02\/MICRO-ALPS_keyimage_5_WithLogo.jpg","contentUrl":"https:\/\/certottica.it\/wp-content\/uploads\/2025\/02\/MICRO-ALPS_keyimage_5_WithLogo.jpg","width":1200,"height":600},{"@type":"BreadcrumbList","@id":"https:\/\/certottica.it\/portfolio\/micro-alps\/#breadcrumb","itemListElement":[{"@type":"ListItem","position":1,"name":"Home","item":"https:\/\/certottica.it\/en\/certottica\/"},{"@type":"ListItem","position":2,"name":"MICRO-ALPS"}]},{"@type":"WebSite","@id":"https:\/\/certottica.it\/#website","url":"https:\/\/certottica.it\/","name":"Certottica","description":"Istituto Italiano di Certificazione dei prodotti ottici","publisher":{"@id":"https:\/\/certottica.it\/#organization"},"potentialAction":[{"@type":"SearchAction","target":{"@type":"EntryPoint","urlTemplate":"https:\/\/certottica.it\/?s={search_term_string}"},"query-input":{"@type":"PropertyValueSpecification","valueRequired":true,"valueName":"search_term_string"}}],"inLanguage":"en-US"},{"@type":"Organization","@id":"https:\/\/certottica.it\/#organization","name":"Certottica","url":"https:\/\/certottica.it\/","logo":{"@type":"ImageObject","inLanguage":"en-US","@id":"https:\/\/certottica.it\/#\/schema\/logo\/image\/","url":"https:\/\/certottica.it\/wp-content\/uploads\/2022\/11\/cropped-loghi-blu-02.png","contentUrl":"https:\/\/certottica.it\/wp-content\/uploads\/2022\/11\/cropped-loghi-blu-02.png","width":795,"height":227,"caption":"Certottica"},"image":{"@id":"https:\/\/certottica.it\/#\/schema\/logo\/image\/"}}]}},"_links":{"self":[{"href":"https:\/\/certottica.it\/en\/wp-json\/wp\/v2\/portfolio\/18109","targetHints":{"allow":["GET"]}}],"collection":[{"href":"https:\/\/certottica.it\/en\/wp-json\/wp\/v2\/portfolio"}],"about":[{"href":"https:\/\/certottica.it\/en\/wp-json\/wp\/v2\/types\/portfolio"}],"version-history":[{"count":7,"href":"https:\/\/certottica.it\/en\/wp-json\/wp\/v2\/portfolio\/18109\/revisions"}],"predecessor-version":[{"id":19600,"href":"https:\/\/certottica.it\/en\/wp-json\/wp\/v2\/portfolio\/18109\/revisions\/19600"}],"wp:featuredmedia":[{"embeddable":true,"href":"https:\/\/certottica.it\/en\/wp-json\/wp\/v2\/media\/19593"}],"wp:attachment":[{"href":"https:\/\/certottica.it\/en\/wp-json\/wp\/v2\/media?parent=18109"}],"wp:term":[{"taxonomy":"category","embeddable":true,"href":"https:\/\/certottica.it\/en\/wp-json\/wp\/v2\/categories?post=18109"},{"taxonomy":"post_tag","embeddable":true,"href":"https:\/\/certottica.it\/en\/wp-json\/wp\/v2\/tags?post=18109"}],"curies":[{"name":"wp","href":"https:\/\/api.w.org\/{rel}","templated":true}]}}

<p><strong>MICRO-ALPS</strong> <strong>&#8211; Riduzione delle microplastiche derivanti da attività industriali nei corpi idrici alpini</strong></p>



<p>L&#8217;obiettivo generale del progetto MICRO-ALPS è quello di sensibilizzare le comunità locali e le aziende su uno dei problemi emergenti del XXI secolo, le microplastiche, con particolare attenzione alle aree alpine, dove questo inquinante è ancora poco studiato. Le microplastiche sono generate dal processo di degradazione o lavorazione della plastica e possono avere dimensioni molto diverse, come definito dalla classificazione UNEP. Questo sarà possibile prendendo come punto di riferimento ed esempio una parte del settore dell&#8217;occhialeria, i laboratori di taglio e molatura delle lenti che producono elevate quantità di microplastiche durante la lavorazione delle lenti.</p>



<p>Nell&#8217;ambito del progetto, i partner studieranno quali possibili soluzioni possono essere adottate per recuperare le microplastiche dai negozi di ottica e dai laboratori di taglio delle lenti e verificarne la riciclabilità per produrre nuovi e innovativi oggetti stampati in 3d.</p>



<p>Tutti i lavori sperimentali e le informazioni raccolte sulla natura e la produzione delle microplastiche, verranno impiegati per il trasferimento delle conoscenze ai soggetti dell’area di programma su come evitare la produzione di microplastiche e il loro rilascio in ambiente.</p>



<hr class="wp-block-separator has-alpha-channel-opacity is-style-dots"/>



<p><strong>Programma di finanziamento</strong><br>Interreg VI-A Italia – Austria 2021-2027</p>



<p><strong>Codice ID Progetto</strong><br>ITAT-27-005</p>



<p><strong>Durata</strong><br>gennaio 2025 – marzo 2027</p>



<p><strong>Lead partner</strong><br>Certottica Scrl – Istituto Italiano di Certificazione dei prodotti ottici</p>



<p><strong>Partner di Progetto</strong><br>Università Cà Foscari Venezia<br>FH Kärnten &#8211; gemeinnützige Gesellschaft mbH<br>Ökoinstitut Südtirol Alto Adige</p>



<p><strong>Costo totale</strong><br>822.014,65 €</p>



<p><strong>Finanziamento EU</strong><br>605.516,22 €</p>



<p></p>

<p>MICRO-ALPS &#8211; Riduzione delle microplastiche derivanti da attività industriali nei corpi idrici alpini L&#8217;obiettivo generale del progetto MICRO-ALPS è quello di sensibilizzare le comunità locali e le aziende su uno dei problemi emergenti del XXI secolo, le microplastiche, con particolare attenzione alle aree alpine, dove questo inquinante è ancora poco studiato. Le microplastiche sono generate [&hellip;]</p>

<!-- This site is optimized with the Yoast SEO plugin v27.4 - https://yoast.com/product/yoast-seo-wordpress/ -->
<title>MICRO-ALPS - Certottica</title>
<meta name="robots" content="index, follow, max-snippet:-1, max-image-preview:large, max-video-preview:-1" />
<link rel="canonical" href="https://certottica.it/portfolio/micro-alps/" />
<meta property="og:locale" content="en_US" />
<meta property="og:type" content="article" />
<meta property="og:title" content="MICRO-ALPS - Certottica" />
<meta property="og:description" content="MICRO-ALPS &#8211; Riduzione delle microplastiche derivanti da attività industriali nei corpi idrici alpini L&#8217;obiettivo generale del progetto MICRO-ALPS è quello di sensibilizzare le comunità locali e le aziende su uno dei problemi emergenti del XXI secolo, le microplastiche, con particolare attenzione alle aree alpine, dove questo inquinante è ancora poco studiato. Le microplastiche sono generate [&hellip;]" />
<meta property="og:url" content="https://certottica.it/portfolio/micro-alps/" />
<meta property="og:site_name" content="Certottica" />
<meta property="article:modified_time" content="2025-09-18T07:00:46+00:00" />
<meta property="og:image" content="https://certottica.it/wp-content/uploads/2025/02/MICRO-ALPS_keyimage_5_WithLogo.jpg" />
	<meta property="og:image:width" content="1200" />
	<meta property="og:image:height" content="600" />
	<meta property="og:image:type" content="image/jpeg" />
<meta name="twitter:card" content="summary_large_image" />
<meta name="twitter:label1" content="Est. reading time" />
	<meta name="twitter:data1" content="2 minutes" />
<script type="application/ld+json" class="yoast-schema-graph">{"@context":"https:\/\/schema.org","@graph":[{"@type":"WebPage","@id":"https:\/\/certottica.it\/portfolio\/micro-alps\/","url":"https:\/\/certottica.it\/portfolio\/micro-alps\/","name":"MICRO-ALPS - Certottica","isPartOf":{"@id":"https:\/\/certottica.it\/#website"},"primaryImageOfPage":{"@id":"https:\/\/certottica.it\/portfolio\/micro-alps\/#primaryimage"},"image":{"@id":"https:\/\/certottica.it\/portfolio\/micro-alps\/#primaryimage"},"thumbnailUrl":"https:\/\/certottica.it\/wp-content\/uploads\/2025\/02\/MICRO-ALPS_keyimage_5_WithLogo.jpg","datePublished":"2025-02-20T16:01:06+00:00","dateModified":"2025-09-18T07:00:46+00:00","breadcrumb":{"@id":"https:\/\/certottica.it\/portfolio\/micro-alps\/#breadcrumb"},"inLanguage":"en-US","potentialAction":[{"@type":"ReadAction","target":["https:\/\/certottica.it\/portfolio\/micro-alps\/"]}]},{"@type":"ImageObject","inLanguage":"en-US","@id":"https:\/\/certottica.it\/portfolio\/micro-alps\/#primaryimage","url":"https:\/\/certottica.it\/wp-content\/uploads\/2025\/02\/MICRO-ALPS_keyimage_5_WithLogo.jpg","contentUrl":"https:\/\/certottica.it\/wp-content\/uploads\/2025\/02\/MICRO-ALPS_keyimage_5_WithLogo.jpg","width":1200,"height":600},{"@type":"BreadcrumbList","@id":"https:\/\/certottica.it\/portfolio\/micro-alps\/#breadcrumb","itemListElement":[{"@type":"ListItem","position":1,"name":"Home","item":"https:\/\/certottica.it\/en\/certottica\/"},{"@type":"ListItem","position":2,"name":"MICRO-ALPS"}]},{"@type":"WebSite","@id":"https:\/\/certottica.it\/#website","url":"https:\/\/certottica.it\/","name":"Certottica","description":"Istituto Italiano di Certificazione dei prodotti ottici","publisher":{"@id":"https:\/\/certottica.it\/#organization"},"potentialAction":[{"@type":"SearchAction","target":{"@type":"EntryPoint","urlTemplate":"https:\/\/certottica.it\/?s={search_term_string}"},"query-input":{"@type":"PropertyValueSpecification","valueRequired":true,"valueName":"search_term_string"}}],"inLanguage":"en-US"},{"@type":"Organization","@id":"https:\/\/certottica.it\/#organization","name":"Certottica","url":"https:\/\/certottica.it\/","logo":{"@type":"ImageObject","inLanguage":"en-US","@id":"https:\/\/certottica.it\/#\/schema\/logo\/image\/","url":"https:\/\/certottica.it\/wp-content\/uploads\/2022\/11\/cropped-loghi-blu-02.png","contentUrl":"https:\/\/certottica.it\/wp-content\/uploads\/2022\/11\/cropped-loghi-blu-02.png","width":795,"height":227,"caption":"Certottica"},"image":{"@id":"https:\/\/certottica.it\/#\/schema\/logo\/image\/"}}]}</script>
<!-- / Yoast SEO plugin. -->

MICRO-ALPS &#8211; Riduzione delle microplastiche derivanti da attività industriali nei corpi idrici alpini L&#8217;obiettivo generale del progetto MICRO-ALPS è quello di sensibilizzare le comunità locali e le aziende su uno dei problemi emergenti del XXI secolo, le microplastiche, con particolare attenzione alle aree alpine, dove questo inquinante è ancora poco studiato. Le microplastiche sono generate [&hellip;]
